30
What is the remainder when 8373 is divided by 159?
105
What is the remainder when 7656 is divided by 126?
96
Calculate the remainder when 415403 is divided by 331.
329
What is the remainder when 8732 is divided by 966?
38
Calculate the remainder when 1934 is divided by 402.
326
What is the remainder when 13858 is divided by 3461?
14
What is the remainder when 17420 is divided by 387?
5
Calculate the remainder when 119855 is divided by 176.
175
Calculate the remainder when 5721 is divided by 946.
45
Calculate the remainder when 1339 is divided by 151.
131
Calculate the remainder when 3491 is divided by 594.
521
Calculate the remainder when 804019 is divided by 20.
19
Calculate the remainder when 4010 is divided by 778.
120
What is the remainder when 71611 is divided by 71575?
36
What is the remainder when 1346 is divided by 155?
106
Calculate the remainder when 9654 is divided by 432.
150
Calculate the remainder when 2609 is divided by 2564.
45
What is the remainder when 98290 is divided by 98265?
25
Calculate the remainder when 3075 is divided by 3036.
39
Calculate the remainder when 5869 is divided by 151.
131
What is the remainder when 45558 is divided by 174?
144
Calculate the remainder when 406835 is divided by 40.
35
Calculate the remainder when 3508 is divided by 1732.
44
Calculate the remainder when 172217 is divided by 32.
25
What is the remainder when 153418 is divided by 12?
10
Calculate the remainder when 111863 is divided by 731.
20
What is the remainder when 28066 is divided by 51?
16
What is the remainder when 10899 is divided by 7?
0
What is the remainder when 2612 is divided by 59?
16
What is the remainder when 113062 is divided by 85?
12
What is the remainder when 5165 is divided by 75?
65
What is the remainder when 237063 is divided by 21?
15
What is the remainder when 37535 is divided by 7505?
10
Calculate the remainder when 223 is divided by 34.
19
What is the remainder when 45333 is divided by 216?
189
What is the remainder when 278514 is divided by 220?
214
What is the remainder when 1005 is divided by 340?
325
Calculate the remainder when 18713 is divided by 573.
377
What is the remainder when 380592 is divided by 304?
288
What is the remainder when 11509 is divided by 72?
61
What is the remainder when 37297 is divided by 359?
320
Calculate the remainder when 7643 is divided by 207.
191
What is the remainder when 733 is divided by 104?
5
Calculate the remainder when 52137 is divided by 104.
33
Calculate the remainder when 188040 is divided by 1039.
1020
Calculate the remainder when 14181 is divided by 1290.
1281
What is the remainder when 43185 is divided by 143?
142
What is the remainder when 20269 is divided by 20087?
182
What is the remainder when 5225 is divided by 181?
157
Calculate the remainder when 2625 is divided by 209.
117
Calculate the remainder when 43573 is divided by 105.
103
What is the remainder when 5045 is divided by 513?
428
What is the remainder when 669888 is divided by 638?
626
What is the remainder when 3927 is divided by 56?
7
Calculate the remainder when 38465 is divided by 1828.
77
Calculate the remainder when 27322 is divided by 224.
218
What is the remainder when 15444 is divided by 500?
444
Calculate the remainder when 16208 is divided by 900.
8
What is the remainder when 2444 is divided by 111?
2
What is the remainder when 1023 is divided by 972?
51
What is the remainder when 31485 is divided by 182?
181
Calculate the remainder when 7805 is divided by 1100.
105
Calculate the remainder when 49644 is divided by 654.
594
What is the remainder when 1446 is divided by 657?
132
Calculate the remainder when 24066 is divided by 41.
40
What is the remainder when 856 is divided by 704?
152
What is the remainder when 57921 is divided by 63?
24
What is the remainder when 91745 is divided by 357?
353
Calculate the remainder when 4424 is divided by 75.
74
What is the remainder when 579029 is divided by 30?
29
What is the remainder when 13339 is divided by 695?
134
Calculate the remainder when 1903 is divided by 592.
127
What is the remainder when 92111 is divided by 393?
149
Calculate the remainder when 267052 is divided by 122.
116
What is the remainder when 1147 is divided by 311?
214
Calculate the remainder when 85981 is divided by 53.
15
What is the remainder when 247462 is divided by 9?
7
Calculate the remainder when 109096 is divided by 1515.
16
What is the remainder when 386886 is divided by 416?
6
Calculate the remainder when 1459 is divided by 455.
94
What is the remainder when 135988 is divided by 13597?
18
What is the remainder when 85908 is divided by 834?
6
What is the remainder when 1308 is divided by 1304?
4
What is the remainder when 1465883 is divided by 488624?
11
Calculate the remainder when 36075 is divided by 1803.
15
What is the remainder when 2159 is divided by 187?
102
What is the remainder when 26198 is divided by 2844?
602
Calculate the remainder when 642235 is divided by 320.
315
What is the remainder when 41321 is divided by 165?
71
Calculate the remainder when 2887 is divided by 105.
52
Calculate the remainder when 2032 is divided by 341.
327
What is the remainder when 7449 is divided by 748?
717
Calculate the remainder when 149621 is divided by 144.
5
What is the remainder when 2023 is divided by 65?
8
What is the remainder when 3588 is divided by 124?
116
Calculate the remainder when 506 is divided by 340.
166
Calculate the remainder when 697757 is divided by 151.
137
What is the remainder when 1133 is divided by 470?
193
What is the remainder when 2997 is divided by 388?
281
Calculate the remainder when 59020 is divided by 3684.
76
What is the remainder when 130843 is divided by 13?
11
Calculate the remainder when 553 is divided by 105.
28
What is the remainder when 20169 is divided by 115?
44
Calculate the remainder when 5782768 is divided by 2010.
2008
Calculate the remainder when 8927 is divided by 6.
5
What is the remainder when 1110 is divided by 199?
115
Calculate the remainder when 463 is divided by 47.
40
What is the remainder when 54166 is divided by 1391?
1308
What is the remainder when 8002 is divided by 61?
11
Calculate the remainder when 13825 is divided by 187.
174
What is the remainder when 939355 is divided by 618?
613
What is the remainder when 784623 is divided by 26?
21
What is the remainder when 100904 is divided by 244?
132
Calculate the remainder when 3632 is divided by 35.
27
Calculate the remainder when 55856 is divided by 627.
53
What is the remainder when 4967 is divided by 25?
17
What is the remainder when 56356 is divided by 93?
91
Calculate the remainder when 11306 is divided by 269.
8
Calculate the remainder when 8276 is divided by 16.
4
What is the remainder when 144 is divided by 93?
51
Calculate the remainder when 256591 is divided by 703.
699
What is the remainder when 93217 is divided by 33?
25
What is the remainder when 42756 is divided by 1942?
32
Calculate the remainder when 19878 is divided by 19872.
6
Calculate the remainder when 13061367 is divided by 35.
32
What is the remainder when 5980 is divided by 126?
58
What is the remainder when 14667 is divided by 818?
761
Calculate the remainder when 62829 is divided by 176.
173
What is the remainder when 12401 is divided by 364?
25
Calculate the remainder when 3315 is divided by 106.
29
Calculate the remainder when 81563 is divided by 361.
338
What is the remainder when 7864 is divided by 2205?
1249
What is the remainder when 29911 is divided by 12?
7
Calculate the remainder when 56158 is divided by 107.
90
What is the remainder when 12849 is divided by 679?
627
Calculate the remainder when 2884 is divided by 686.
140
Calculate the remainder when 567752 is divided by 67.
61
Calculate the remainder when 7366 is divided by 315.
121
What is the remainder when 98 is divided by 35?
28
Calculate the remainder when 1383267 is divided by 30.
27
Calculate the remainder when 11653 is divided by 110.
103
Calculate the remainder when 303202 is divided by 1895.
2
Calculate the remainder when 26578 is divided by 60.
58
Calculate the remainder when 1750 is divided by 1169.
581
What is the remainder when 8159 is divided by 2019?
83
Calculate the remainder when 56198 is divided by 20.
18
What is 